{"id":50,"date":"2019-05-16T10:54:52","date_gmt":"2019-05-16T10:54:52","guid":{"rendered":"https:\/\/schreiben-und-erinnern.de\/?page_id=50"},"modified":"2019-05-26T10:50:05","modified_gmt":"2019-05-26T10:50:05","slug":"erfahrungen","status":"publish","type":"page","link":"https:\/\/schreiben-und-erinnern.de\/index.php\/erfahrungen\/","title":{"rendered":"Erfahrungen"},"content":{"rendered":"\n<blockquote class=\"wp-block-quote\"><p>Aus einer Ansammlung von acht fremden, sehr unterschiedlichen Frauen ist eine Gruppe geworden. Wir sch\u00e4tzen und vertrauen einander. Vieles im Leben hat ja nicht nur vergn\u00fcgliche Spuren hinterlassen und es tut gut, empathische Zuh\u00f6rerinnen zu haben. Die Bandbreite der vorgelesenen Geschichten zu einem Thema ist oft erstaunlich gro\u00df und es entsteht ein facettenreiches Zeitbild. Manchmal hilft mir der konzentrierte Blick auf eine Situation und das Niederschreiben, schwierige Gef\u00fchle besser zu verstehen. Das schafft mir Freiraum.<\/p><cite>Margaret S<\/cite><\/blockquote>\n\n\n\n<blockquote class=\"wp-block-quote\"><p>Biografisches Schreiben ist mein pers\u00f6nlicher Pilgerweg \u2013 ich erreiche Orte und Begebenheiten, die mich \u00fcberraschen.<\/p><cite>Helma K.<\/cite><\/blockquote>\n\n\n\n<blockquote class=\"wp-block-quote\"><p>Durch die Anleitung habe ich gelernt, die Vergangenheit mit dem n\u00f6tigen Abstand zu betrachten.<\/p><cite>Elke S.<\/cite><\/blockquote>\n\n\n\n<blockquote class=\"wp-block-quote\"><p>Das Schreiben zu vorgegebenen Themen gibt mir unerwartete Impulse. \u201eVergessene\u201c und \u201evergrabene\u201c Erinnerungen werden wach, Bilder, Szenen, Gef\u00fchle, Ereignisse, Erlebnisse kommen unvorhergesehen in mein Ged\u00e4chtnis zur\u00fcck.<\/p><cite>Ingrid S.<\/cite><\/blockquote>\n\n\n\n<blockquote class=\"wp-block-quote\"><p>Ich wollte schon lange f\u00fcr meine Kinder unsere Familiengeschichte und mein Leben aufschreiben. Es kam nur nie dazu. Wo anfangen? Wie eine Reihenfolge finden? Wie eine Form finden, die nicht ausufern w\u00fcrde? Es war eine \u00fcberraschende Antwort, die ich hier fand &#8211; keine Chronologie, keine direkte Anleitung, keine Schulung, keine Korrektur. Stattdessen die kleine Form! Ohne Computer und nicht als Hausaufgabe, sondern wir schreiben gleichzeitig, vor Ort, um einen ovalen Tisch herum und immer nur eine halbe Stunde lang. Das komprimiert, spitzt zu und l\u00e4sst die Episoden nie langweilig werden. Dieses kurze Schreiben ist ein gro\u00dfes Vergn\u00fcgen und erstaunlicherweise das Zuh\u00f6ren danach ein ebenso gro\u00dfes. \u201eJa, genau so war das\u201c &#8211; der Schulweg in den f\u00fcnfziger Jahren, ein Sonntagsspaziergang mit den Eltern, die erste Verliebtheit, aber auch: ein Abschied, Trennung, sp\u00e4te Freude. Barbara lockt uns mit Themen wie \u00dcberschriften in unsere eigenen Erinnerungen. Sie selbst bleibt im Hintergrund, macht zur\u00fcckhaltende, immer unterst\u00fctzende Anmerkungen \u2013 nie die Schulmeisterin, immer die Begleiterin. Unsere Miniaturen werden fl\u00fcssiger und lebendiger, die Erinnerungen differenzierter. Inzwischen finden sich 70 Geschichten aus meinem Leben in einem Ordner (ich tippe die kurzen Texte zuhause und hefte sie ab) &#8211; ein kleines Wunder ist geschehen. Wenn sp\u00e4ter einmal meine Kinder dieses \u201eWerk\u201c finden, wird sich aus den vermeintlich zuf\u00e4llig gew\u00e4hlten Ereignissen mein ganzes gelebtes Leben erschlie\u00dfen: die Geschehnisse, die Orte, die Menschen, Gedanken und Gef\u00fchle, und auch in Teilen die Geschichte unseres Landes und seiner Gesellschaft, in die meine eigene ja eingebettet ist.<\/p><cite>Ulrike S.<\/cite><\/blockquote>\n","protected":false},"excerpt":{"rendered":"<p>Aus einer Ansammlung von acht fremden, sehr unterschiedlichen Frauen ist eine Gruppe geworden. Wir sch\u00e4tzen und vertrauen einander. Vieles im Leben hat ja nicht nur vergn\u00fcgliche Spuren hinterlassen und es tut gut, empathische Zuh\u00f6rerinnen zu haben. Die Bandbreite der vorgelesenen &hellip; <a href=\"https:\/\/schreiben-und-erinnern.de\/index.php\/erfahrungen\/\">Weiterlesen <span class=\"meta-nav\">&rarr;<\/span><\/a><\/p>\n","protected":false},"author":1,"featured_media":0,"parent":0,"menu_order":0,"comment_status":"closed","ping_status":"closed","template":"","meta":[],"yoast_head":"<!-- This site is optimized with the Yoast SEO plugin v20.1 - https:\/\/yoast.com\/wordpress\/plugins\/seo\/ -->\n<title>Erfahrungen &ndash; Barbara Mannitz Hamburg<\/title>\n<meta name=\"robots\" content=\"index, follow, max-snippet:-1, max-image-preview:large, max-video-preview:-1\" \/>\n<link rel=\"canonical\" href=\"https:\/\/schreiben-und-erinnern.de\/index.php\/erfahrungen\/\" \/>\n<meta property=\"og:locale\" content=\"de_DE\" \/>\n<meta property=\"og:type\" content=\"article\" \/>\n<meta property=\"og:title\" content=\"Erfahrungen &ndash; Barbara Mannitz Hamburg\" \/>\n<meta property=\"og:description\" content=\"Aus einer Ansammlung von acht fremden, sehr unterschiedlichen Frauen ist eine Gruppe geworden. Wir sch\u00e4tzen und vertrauen einander. Vieles im Leben hat ja nicht nur vergn\u00fcgliche Spuren hinterlassen und es tut gut, empathische Zuh\u00f6rerinnen zu haben. Die Bandbreite der vorgelesenen &hellip; Weiterlesen &rarr;\" \/>\n<meta property=\"og:url\" content=\"https:\/\/schreiben-und-erinnern.de\/index.php\/erfahrungen\/\" \/>\n<meta property=\"og:site_name\" content=\"Barbara Mannitz Hamburg\" \/>\n<meta property=\"article:modified_time\" content=\"2019-05-26T10:50:05+00:00\" \/>\n<meta name=\"twitter:card\" content=\"summary_large_image\" \/>\n<meta name=\"twitter:label1\" content=\"Gesch\u00e4tzte Lesezeit\" \/>\n\t<meta name=\"twitter:data1\" content=\"2\u00a0Minuten\" \/>\n<script type=\"application\/ld+json\" class=\"yoast-schema-graph\">{\"@context\":\"https:\/\/schema.org\",\"@graph\":[{\"@type\":\"WebPage\",\"@id\":\"https:\/\/schreiben-und-erinnern.de\/index.php\/erfahrungen\/\",\"url\":\"https:\/\/schreiben-und-erinnern.de\/index.php\/erfahrungen\/\",\"name\":\"Erfahrungen &ndash; Barbara Mannitz Hamburg\",\"isPartOf\":{\"@id\":\"https:\/\/schreiben-und-erinnern.de\/#website\"},\"datePublished\":\"2019-05-16T10:54:52+00:00\",\"dateModified\":\"2019-05-26T10:50:05+00:00\",\"breadcrumb\":{\"@id\":\"https:\/\/schreiben-und-erinnern.de\/index.php\/erfahrungen\/#breadcrumb\"},\"inLanguage\":\"de\",\"potentialAction\":[{\"@type\":\"ReadAction\",\"target\":[\"https:\/\/schreiben-und-erinnern.de\/index.php\/erfahrungen\/\"]}]},{\"@type\":\"BreadcrumbList\",\"@id\":\"https:\/\/schreiben-und-erinnern.de\/index.php\/erfahrungen\/#breadcrumb\",\"itemListElement\":[{\"@type\":\"ListItem\",\"position\":1,\"name\":\"Startseite\",\"item\":\"https:\/\/schreiben-und-erinnern.de\/\"},{\"@type\":\"ListItem\",\"position\":2,\"name\":\"Erfahrungen\"}]},{\"@type\":\"WebSite\",\"@id\":\"https:\/\/schreiben-und-erinnern.de\/#website\",\"url\":\"https:\/\/schreiben-und-erinnern.de\/\",\"name\":\"Schreiben und Erinnern\",\"description\":\"schreiben \u2013 und \u2013 erinnern\",\"potentialAction\":[{\"@type\":\"SearchAction\",\"target\":{\"@type\":\"EntryPoint\",\"urlTemplate\":\"https:\/\/schreiben-und-erinnern.de\/?s={search_term_string}\"},\"query-input\":\"required name=search_term_string\"}],\"inLanguage\":\"de\"}]}<\/script>\n<!-- \/ Yoast SEO plugin. -->","yoast_head_json":{"title":"Erfahrungen &ndash; Barbara Mannitz Hamburg","robots":{"index":"index","follow":"follow","max-snippet":"max-snippet:-1","max-image-preview":"max-image-preview:large","max-video-preview":"max-video-preview:-1"},"canonical":"https:\/\/schreiben-und-erinnern.de\/index.php\/erfahrungen\/","og_locale":"de_DE","og_type":"article","og_title":"Erfahrungen &ndash; Barbara Mannitz Hamburg","og_description":"Aus einer Ansammlung von acht fremden, sehr unterschiedlichen Frauen ist eine Gruppe geworden. Wir sch\u00e4tzen und vertrauen einander. Vieles im Leben hat ja nicht nur vergn\u00fcgliche Spuren hinterlassen und es tut gut, empathische Zuh\u00f6rerinnen zu haben. Die Bandbreite der vorgelesenen &hellip; Weiterlesen &rarr;","og_url":"https:\/\/schreiben-und-erinnern.de\/index.php\/erfahrungen\/","og_site_name":"Barbara Mannitz Hamburg","article_modified_time":"2019-05-26T10:50:05+00:00","twitter_card":"summary_large_image","twitter_misc":{"Gesch\u00e4tzte Lesezeit":"2\u00a0Minuten"},"schema":{"@context":"https:\/\/schema.org","@graph":[{"@type":"WebPage","@id":"https:\/\/schreiben-und-erinnern.de\/index.php\/erfahrungen\/","url":"https:\/\/schreiben-und-erinnern.de\/index.php\/erfahrungen\/","name":"Erfahrungen &ndash; Barbara Mannitz Hamburg","isPartOf":{"@id":"https:\/\/schreiben-und-erinnern.de\/#website"},"datePublished":"2019-05-16T10:54:52+00:00","dateModified":"2019-05-26T10:50:05+00:00","breadcrumb":{"@id":"https:\/\/schreiben-und-erinnern.de\/index.php\/erfahrungen\/#breadcrumb"},"inLanguage":"de","potentialAction":[{"@type":"ReadAction","target":["https:\/\/schreiben-und-erinnern.de\/index.php\/erfahrungen\/"]}]},{"@type":"BreadcrumbList","@id":"https:\/\/schreiben-und-erinnern.de\/index.php\/erfahrungen\/#breadcrumb","itemListElement":[{"@type":"ListItem","position":1,"name":"Startseite","item":"https:\/\/schreiben-und-erinnern.de\/"},{"@type":"ListItem","position":2,"name":"Erfahrungen"}]},{"@type":"WebSite","@id":"https:\/\/schreiben-und-erinnern.de\/#website","url":"https:\/\/schreiben-und-erinnern.de\/","name":"Schreiben und Erinnern","description":"schreiben \u2013 und \u2013 erinnern","potentialAction":[{"@type":"SearchAction","target":{"@type":"EntryPoint","urlTemplate":"https:\/\/schreiben-und-erinnern.de\/?s={search_term_string}"},"query-input":"required name=search_term_string"}],"inLanguage":"de"}]}},"_links":{"self":[{"href":"https:\/\/schreiben-und-erinnern.de\/index.php\/wp-json\/wp\/v2\/pages\/50"}],"collection":[{"href":"https:\/\/schreiben-und-erinnern.de\/index.php\/wp-json\/wp\/v2\/pages"}],"about":[{"href":"https:\/\/schreiben-und-erinnern.de\/index.php\/wp-json\/wp\/v2\/types\/page"}],"author":[{"embeddable":true,"href":"https:\/\/schreiben-und-erinnern.de\/index.php\/wp-json\/wp\/v2\/users\/1"}],"replies":[{"embeddable":true,"href":"https:\/\/schreiben-und-erinnern.de\/index.php\/wp-json\/wp\/v2\/comments?post=50"}],"version-history":[{"count":5,"href":"https:\/\/schreiben-und-erinnern.de\/index.php\/wp-json\/wp\/v2\/pages\/50\/revisions"}],"predecessor-version":[{"id":180,"href":"https:\/\/schreiben-und-erinnern.de\/index.php\/wp-json\/wp\/v2\/pages\/50\/revisions\/180"}],"wp:attachment":[{"href":"https:\/\/schreiben-und-erinnern.de\/index.php\/wp-json\/wp\/v2\/media?parent=50"}],"curies":[{"name":"wp","href":"https:\/\/api.w.org\/{rel}","templated":true}]}}