{"id":85,"date":"2019-05-16T15:38:07","date_gmt":"2019-05-16T15:38:07","guid":{"rendered":"https:\/\/schreiben-und-erinnern.de\/?page_id=85"},"modified":"2025-01-27T16:33:46","modified_gmt":"2025-01-27T16:33:46","slug":"autobiografisches-schreiben","status":"publish","type":"page","link":"https:\/\/schreiben-und-erinnern.de\/index.php\/autobiografisches-schreiben\/","title":{"rendered":"Autobiografisches Schreiben"},"content":{"rendered":"\n<h2>Aus dem Leben erz\u00e4hlen \u2013 schreiben und einen neuen Blick gewinnen<\/h2>\n\n\n<div class=\"wp-block-image pict165height\">\n<figure class=\"alignleft is-resized\"><img decoding=\"async\" loading=\"lazy\" src=\"https:\/\/schreiben-und-erinnern.de\/wp-content\/uploads\/2019\/05\/530.jpg\" alt=\"\" class=\"wp-image-88\" width=\"241\" height=\"134\" srcset=\"https:\/\/schreiben-und-erinnern.de\/wp-content\/uploads\/2019\/05\/530.jpg 763w, https:\/\/schreiben-und-erinnern.de\/wp-content\/uploads\/2019\/05\/530-300x167.jpg 300w, https:\/\/schreiben-und-erinnern.de\/wp-content\/uploads\/2019\/05\/530-500x279.jpg 500w\" sizes=\"(max-width: 241px) 100vw, 241px\" \/><\/figure><\/div>\n\n\n<p>Wir alle tragen Geschichten in uns. Sie machen unser Leben aus, geben ihm Sinn und sind Teil unserer Identit\u00e4t. Oft&nbsp;sind es Alltagsgeschichten, die harmlos erscheinen und dennoch wichtig sind. Manche erz\u00e4hlen wir gern, andere sind uns unangenehm, wieder andere machen uns traurig oder verstecken sich. Sich den eigenen Geschichten in einer Gruppe zuzuwenden \u2013 sich zu erinnern, zu schreiben, einander vorzulesen und zuzuh\u00f6ren &#8211; l\u00e4sst Bilder lebendig werden, die Sie l\u00e4ngst vergessen glaubten, und Sie erfahren erste Resonanz. Manches wird Ihnen mit dem Blick von heute in einem anderen Licht erscheinen &#8211; eine Chance, neue Einsichten und neue Perspektiven zu gewinnen, auch f\u00fcr Ihr heutiges Leben.<br>Vielleicht wollen Sie auf Spurensuche gehen, um Ihren Kindern, Enkelinnen und Enkeln von Ihrem Leben zu erz\u00e4hlen &#8211; Lebensgeschichte ist immer auch Zeitgeschichte. Vielleicht wollen Sie auf Spurensuche gehen, um Ihren Lebensweg besser zu verstehen, um wiederkehrende Themen zu erkennen und einen roten Faden zu entdecken. Vielleicht ist Ihnen auch wichtig, sich etwas von der Seele zu schreiben und f\u00fcr ihre Erfahrungen Zeuginnen und Zeugen zu finden. Es ist eine Schreibwerkstatt f\u00fcr alle, die Interesse haben, sich dem eigenen Leben zuzuwenden und Erinnerungen mit anderen zu teilen \u2013 und Lust haben zu schreiben.<\/p>\n\n\n\n<h3>Erinnerungen mit unterschiedlichen Schwerpunkten<\/h3>\n\n\n\n<p>Sie lernen Methoden Kreativen Schreibens und Erinnerns kennen, er\u00f6rtern Gedanken zur eigenen Biografie, erinnern Geschichten aus Ihrem Leben und schreiben mit der Hand.<\/p>\n\n\n\n<h3>Struktur \/ Aufbau \/ Form<\/h3>\n\n\n\n<p>Sie finden Antworten zu den Fragen: \u201eWie ordne ich \u2026, womit fange ich an \u2026, f\u00fcr wen schreibe ich \u2026, wie gestalte ich \u2026\u201c<\/p>\n\n\n\n<h3>Gern begleite ich Sie auch individuell beim Schreiben Ihrer Biografie.<\/h3>\n\n\n\n<figure class=\"wp-block-table\"><table><tbody><tr><td>Pro Stunde<\/td><td>80,- Euro \/\/  65,- Euro<\/td><\/tr><\/tbody><\/table><\/figure>\n\n\n\n<p>Die Schreibwerkstatt findet in Eppendorf statt.<br><br>Bei Interesse an den Kursen und Aktivit\u00e4ten senden Sie bitte eine E-Mail oder\u00a0rufen Sie an: <a href=\"mailto:barbara.mannitz@t-online.de\">barbara.mannitz@t-online.de<\/a> &#8211; Telefon: 040 27 56 98 <\/p>\n\n\n\n<p><\/p>\n","protected":false},"excerpt":{"rendered":"<p>Aus dem Leben erz\u00e4hlen \u2013 schreiben und einen neuen Blick gewinnen Wir alle tragen Geschichten in uns. Sie machen unser Leben aus, geben ihm Sinn und sind Teil unserer Identit\u00e4t. Oft&nbsp;sind es Alltagsgeschichten, die harmlos erscheinen und dennoch wichtig sind. &hellip; <a href=\"https:\/\/schreiben-und-erinnern.de\/index.php\/autobiografisches-schreiben\/\">Weiterlesen <span class=\"meta-nav\">&rarr;<\/span><\/a><\/p>\n","protected":false},"author":1,"featured_media":0,"parent":0,"menu_order":0,"comment_status":"closed","ping_status":"closed","template":"","meta":[],"yoast_head":"<!-- This site is optimized with the Yoast SEO plugin v20.1 - https:\/\/yoast.com\/wordpress\/plugins\/seo\/ -->\n<title>Autobiografisches Schreiben &ndash; Barbara Mannitz Hamburg<\/title>\n<meta name=\"robots\" content=\"index, follow, max-snippet:-1, max-image-preview:large, max-video-preview:-1\" \/>\n<link rel=\"canonical\" href=\"https:\/\/schreiben-und-erinnern.de\/index.php\/autobiografisches-schreiben\/\" \/>\n<meta property=\"og:locale\" content=\"de_DE\" \/>\n<meta property=\"og:type\" content=\"article\" \/>\n<meta property=\"og:title\" content=\"Autobiografisches Schreiben &ndash; Barbara Mannitz Hamburg\" \/>\n<meta property=\"og:description\" content=\"Aus dem Leben erz\u00e4hlen \u2013 schreiben und einen neuen Blick gewinnen Wir alle tragen Geschichten in uns. Sie machen unser Leben aus, geben ihm Sinn und sind Teil unserer Identit\u00e4t. Oft&nbsp;sind es Alltagsgeschichten, die harmlos erscheinen und dennoch wichtig sind. &hellip; Weiterlesen &rarr;\" \/>\n<meta property=\"og:url\" content=\"https:\/\/schreiben-und-erinnern.de\/index.php\/autobiografisches-schreiben\/\" \/>\n<meta property=\"og:site_name\" content=\"Barbara Mannitz Hamburg\" \/>\n<meta property=\"article:modified_time\" content=\"2025-01-27T16:33:46+00:00\" \/>\n<meta property=\"og:image\" content=\"https:\/\/schreiben-und-erinnern.de\/wp-content\/uploads\/2019\/05\/530.jpg\" \/>\n<meta name=\"twitter:card\" content=\"summary_large_image\" \/>\n<meta name=\"twitter:label1\" content=\"Gesch\u00e4tzte Lesezeit\" \/>\n\t<meta name=\"twitter:data1\" content=\"2\u00a0Minuten\" \/>\n<script type=\"application\/ld+json\" class=\"yoast-schema-graph\">{\"@context\":\"https:\/\/schema.org\",\"@graph\":[{\"@type\":\"WebPage\",\"@id\":\"https:\/\/schreiben-und-erinnern.de\/index.php\/autobiografisches-schreiben\/\",\"url\":\"https:\/\/schreiben-und-erinnern.de\/index.php\/autobiografisches-schreiben\/\",\"name\":\"Autobiografisches Schreiben &ndash; Barbara Mannitz Hamburg\",\"isPartOf\":{\"@id\":\"https:\/\/schreiben-und-erinnern.de\/#website\"},\"datePublished\":\"2019-05-16T15:38:07+00:00\",\"dateModified\":\"2025-01-27T16:33:46+00:00\",\"breadcrumb\":{\"@id\":\"https:\/\/schreiben-und-erinnern.de\/index.php\/autobiografisches-schreiben\/#breadcrumb\"},\"inLanguage\":\"de\",\"potentialAction\":[{\"@type\":\"ReadAction\",\"target\":[\"https:\/\/schreiben-und-erinnern.de\/index.php\/autobiografisches-schreiben\/\"]}]},{\"@type\":\"BreadcrumbList\",\"@id\":\"https:\/\/schreiben-und-erinnern.de\/index.php\/autobiografisches-schreiben\/#breadcrumb\",\"itemListElement\":[{\"@type\":\"ListItem\",\"position\":1,\"name\":\"Startseite\",\"item\":\"https:\/\/schreiben-und-erinnern.de\/\"},{\"@type\":\"ListItem\",\"position\":2,\"name\":\"Autobiografisches Schreiben\"}]},{\"@type\":\"WebSite\",\"@id\":\"https:\/\/schreiben-und-erinnern.de\/#website\",\"url\":\"https:\/\/schreiben-und-erinnern.de\/\",\"name\":\"Schreiben und Erinnern\",\"description\":\"schreiben \u2013 und \u2013 erinnern\",\"potentialAction\":[{\"@type\":\"SearchAction\",\"target\":{\"@type\":\"EntryPoint\",\"urlTemplate\":\"https:\/\/schreiben-und-erinnern.de\/?s={search_term_string}\"},\"query-input\":\"required name=search_term_string\"}],\"inLanguage\":\"de\"}]}<\/script>\n<!-- \/ Yoast SEO plugin. -->","yoast_head_json":{"title":"Autobiografisches Schreiben &ndash; Barbara Mannitz Hamburg","robots":{"index":"index","follow":"follow","max-snippet":"max-snippet:-1","max-image-preview":"max-image-preview:large","max-video-preview":"max-video-preview:-1"},"canonical":"https:\/\/schreiben-und-erinnern.de\/index.php\/autobiografisches-schreiben\/","og_locale":"de_DE","og_type":"article","og_title":"Autobiografisches Schreiben &ndash; Barbara Mannitz Hamburg","og_description":"Aus dem Leben erz\u00e4hlen \u2013 schreiben und einen neuen Blick gewinnen Wir alle tragen Geschichten in uns. Sie machen unser Leben aus, geben ihm Sinn und sind Teil unserer Identit\u00e4t. Oft&nbsp;sind es Alltagsgeschichten, die harmlos erscheinen und dennoch wichtig sind. &hellip; Weiterlesen &rarr;","og_url":"https:\/\/schreiben-und-erinnern.de\/index.php\/autobiografisches-schreiben\/","og_site_name":"Barbara Mannitz Hamburg","article_modified_time":"2025-01-27T16:33:46+00:00","og_image":[{"url":"https:\/\/schreiben-und-erinnern.de\/wp-content\/uploads\/2019\/05\/530.jpg"}],"twitter_card":"summary_large_image","twitter_misc":{"Gesch\u00e4tzte Lesezeit":"2\u00a0Minuten"},"schema":{"@context":"https:\/\/schema.org","@graph":[{"@type":"WebPage","@id":"https:\/\/schreiben-und-erinnern.de\/index.php\/autobiografisches-schreiben\/","url":"https:\/\/schreiben-und-erinnern.de\/index.php\/autobiografisches-schreiben\/","name":"Autobiografisches Schreiben &ndash; Barbara Mannitz Hamburg","isPartOf":{"@id":"https:\/\/schreiben-und-erinnern.de\/#website"},"datePublished":"2019-05-16T15:38:07+00:00","dateModified":"2025-01-27T16:33:46+00:00","breadcrumb":{"@id":"https:\/\/schreiben-und-erinnern.de\/index.php\/autobiografisches-schreiben\/#breadcrumb"},"inLanguage":"de","potentialAction":[{"@type":"ReadAction","target":["https:\/\/schreiben-und-erinnern.de\/index.php\/autobiografisches-schreiben\/"]}]},{"@type":"BreadcrumbList","@id":"https:\/\/schreiben-und-erinnern.de\/index.php\/autobiografisches-schreiben\/#breadcrumb","itemListElement":[{"@type":"ListItem","position":1,"name":"Startseite","item":"https:\/\/schreiben-und-erinnern.de\/"},{"@type":"ListItem","position":2,"name":"Autobiografisches Schreiben"}]},{"@type":"WebSite","@id":"https:\/\/schreiben-und-erinnern.de\/#website","url":"https:\/\/schreiben-und-erinnern.de\/","name":"Schreiben und Erinnern","description":"schreiben \u2013 und \u2013 erinnern","potentialAction":[{"@type":"SearchAction","target":{"@type":"EntryPoint","urlTemplate":"https:\/\/schreiben-und-erinnern.de\/?s={search_term_string}"},"query-input":"required name=search_term_string"}],"inLanguage":"de"}]}},"_links":{"self":[{"href":"https:\/\/schreiben-und-erinnern.de\/index.php\/wp-json\/wp\/v2\/pages\/85"}],"collection":[{"href":"https:\/\/schreiben-und-erinnern.de\/index.php\/wp-json\/wp\/v2\/pages"}],"about":[{"href":"https:\/\/schreiben-und-erinnern.de\/index.php\/wp-json\/wp\/v2\/types\/page"}],"author":[{"embeddable":true,"href":"https:\/\/schreiben-und-erinnern.de\/index.php\/wp-json\/wp\/v2\/users\/1"}],"replies":[{"embeddable":true,"href":"https:\/\/schreiben-und-erinnern.de\/index.php\/wp-json\/wp\/v2\/comments?post=85"}],"version-history":[{"count":54,"href":"https:\/\/schreiben-und-erinnern.de\/index.php\/wp-json\/wp\/v2\/pages\/85\/revisions"}],"predecessor-version":[{"id":333,"href":"https:\/\/schreiben-und-erinnern.de\/index.php\/wp-json\/wp\/v2\/pages\/85\/revisions\/333"}],"wp:attachment":[{"href":"https:\/\/schreiben-und-erinnern.de\/index.php\/wp-json\/wp\/v2\/media?parent=85"}],"curies":[{"name":"wp","href":"https:\/\/api.w.org\/{rel}","templated":true}]}}